5
Evaluate -12 - (25 + -43) - (-2 - 0).
8
What is the value of (-1 - (2 + -4)) + 4?
5
What is -6 + 8 - -4 - (16 + -4)?
-6
What is the value of (-6 - -15) + (0 - 7)?
2
0 + 2 - (-9 - -8) - 7
-4
Evaluate 3 + (-6 - -2 - (-13 - -13)).
-1
-7 + 18 + 0 + -6
5
Evaluate (2 - (0 + -1 + 5)) + 10.
8
What is 1 + 2 - (-3 + 6)?
0
Calculate 1 + -6 + (5 - -5 - 7).
-2
-3 + -2 - (1 - 8)
2
What is -1 + 1 + -5 + 3?
-2
-5 + 3 + -2 + 3 + -1
-2
What is -3 - (-1 + (1 - -3)) - -3?
-3
Calculate -1 + (13 - 7) - (1 - 1).
5
What is the value of -9 - -5 - (15 + -16)?
-3
What is 3 + -7 + -5 - -13?
4
Calculate (-2 - -14) + 0 - 8.
4
Calculate -3 + 8 + -1 + -5.
-1
-12 + 1 + 10 + -7 - -4
-4
(0 - 1) + -2 + -5 + 8
0
Calculate 2 + -5 - 0 - 0.
-3
4 - (3 - ((4 - 1) + -2))
2
Evaluate -2 + 2 + 1 + 1 + -2.
0
What is the value of -1 + -2 + (7 - (9 - 5))?
0
Evaluate 4 - (0 - (-1 + 5 + -5)).
3
What is the value of (-5 - -2 - (1 + -8)) + -2?
2
What is (23 - (9 + 1)) + -11?
2
What is 12 - 4 - 2 - 3?
3
Evaluate -2 + 10 + (-5 - -3).
6
Calculate -5 - (-2 + 0 + -10 - -3).
4
What is the value of 5 - -7 - 7 - 1?
4
-4 - (-2 + -4 + 2)
0
Calculate -3 + -2 + 11 - 6.
0
What is the value of (-5 - (8 - 26)) + -22?
-9
What is 13 + (12 - 11 - 16)?
-2
What is 6 - (-2 + (4 - -1 - 0))?
3
What is the value of -7 + (2 - -5) + -7 + 4?
-3
What is 1 + 0 + 0 + -4 + 1?
-2
(-2 - (-6 + 2)) + 0 + 1
3
What is 0 - ((8 - 3) + -3 - 3)?
1
What is the value of -1 + -1 + -1 - -6?
3
Calculate 8 + -18 + 1 + 16.
7
Calculate 0 - (7 + (3 - (3 - -12))).
5
Calculate -12 + 1 + -1 + 4 - -3.
-5
What is (-2 - (-2 - -1)) + 10?
9
What is the value of -2 - (-2 - (1 - -3)) - 2?
2
(1 - (4 + (5 - 5))) + -2
-5
What is the value of (6 - 6) + (-1 - 2)?
-3
What is the value of -3 - (-1 - (1 + 1))?
0
Evaluate 12 + (5 - 18) + 1.
0
Evaluate -5 - (-5 - (0 - -6 - 5)).
1
(-3 - (-4 + -5)) + -5 + -3
-2
-3 + 5 - (-1 - (1 + 1))
5
What is -4 - (1 + 7 + -15)?
3
Calculate -2 + (-4 - -4) + 0.
-2
Calculate 19 + -18 + -3 + 0.
-2
What is 3 + -1 + 1 + 1?
4
What is the value of 3 - -1 - (5 + -13 - -13)?
-1
Evaluate (5 - -2 - 4) + -3.
0
Calculate -11 + 12 + (-1 - 1).
-1
(-1 - (-11 + 4)) + 0 + -2
4
Evaluate 0 + -2 + -7 - (3 + -6).
-6
Evaluate -3 + (-3 + 5 - -1) + 1.
1
Evaluate (-2 + 4 - 5) + -1 + 4.
0
(6 - (-9 + 23)) + 11
3
Evaluate 1 + 0 + (9 - (6 + -1)).
5
Calculate 9 + (1 - -2) - (12 - 4).
4
What is the value of (10 + -12 - -15) + -15?
-2
What is the value of 0 + 2 - (9 - 3)?
-4
4 - (3 - -1) - (6 - 2)
-4
What is the value of (-6 - 1) + 0 + 0 + 4?
-3
What is the value of -7 - (1 + 0 + -4 + 0)?
-4
Evaluate (-3 - 7) + -2 - -11.
-1
Calculate (-4 - 1) + -9 - (-8 - -2).
-8
What is (0 - (4 - 6) - 0) + -2?
0
1 - (0 - (-1 + -2))
-2
What is -5 + 5 + (0 + 5 - 7)?
-2
What is the value of (105 - 111) + 0 + 4?
-2
5 + 2 - (3 + 2)
2
What is 0 + -5 + -2 + (58 - 54)?
-3
Evaluate 4 - (1 + -2 - -7).
-2
Evaluate 4 + (-3 + 7 - 4).
4
Evaluate 0 - (2 - (-1 - -2)).
-1
Calculate (-5 - -3) + 4 + -1 + 1.
2
0 + (-4 - (2 + -8))
2
-1 + (-3 - -1) - (16 - 12)
-7
What is (-3 - (5 + -2)) + (4 - 0)?
-2
2 + (-1 - 1) - 3
-3
What is -1 - -1 - (-2 + -5 + 7)?
0
Calculate 3 + (5 - 12) - -4.
0
Calculate 36 - 47 - (0 + -1).
-10
Calculate (-4 - -9) + (4 + -14 - 5).
-10
What is (1 + -4 - 9) + 8?
-4
Evaluate -14 + -7 + 26 - (-1 + 9).
-3
What is (3 + -5 - 10) + 9 + -1?
-4
Calculate (-10 - -7 - (2 + -2)) + 0.
-3
Calculate (-9 - -9) + 1 + 1.
2
Calculate (0 + 3 - 7) + 3.
-1
12 + -8 - (-1 + 4)
1
Evaluate -2 + (3 - -3 - 3).
1
Calculate (-2 - 1) + (-1 - -1) - -7.
4
What is the value of 1 + (-8 + 1 - -5) + -4?
-5
9 + 2 + -4 - 2
5
What is the value of -4 + 4 + -12 + 4?
-8
What is (1 - (0 + 3)) + 1 + 6?
5
Evaluate 2 + (-2 - (1 - 2 - -1)).
0
Calculate 5 - (11 - 4) - (-4 + 2).
0
Calculate (1 - 3) + -4 - -4.
-2
Evaluate 7 + (-5 - 10 - -7 - -5).
4
What is the value of 1 + -4 + -17 + 18?
-2
Calculate -2 - (-1 + -3) - -2.
4
What is 4 + (-8 - (7 + -16))?
5
Evaluate 2 - (-8 - (-8 + 4)).
6
3 - (-2 - (-5 - -4))
4
What is the value of (2 - (0 - 1)) + (-15 - -8)?
-4
What is (-4 - 0) + -1 + 9?
4
Calculate 5 - (0 - 0) - 5.
0
What is the value of 1 + (-1 - (-3 + (-1 - -2)))?
2
What is the value of (0 - -4) + -4 - -3?
3
Calculate 79 - 77 - (-1 - -2).
1
Evaluate (8 - 0) + (-4 - -1).
5
Evaluate 3 + -6 - (-3 + 5).
-5
(-12 - -9) + 5 + 1 - 0
3
What is the value of 2 - 4 - ((-7 - -4) + -3)?
4
Evaluate 0 - (1 - -3 - (2 - -3)).
1
What is the value of (5 - -1) + (-1 - (0 + 1))?
4
Calculate 0 + 0 + -1 - -6.
5
Calculate (13 - 1) + -2 - 18.
-8
What is the value of 2 - 4 - (-8 - -1)?
5
What is -5 + (19 - 5 - 2) + -1?
6
What is the value of 6 - (5 - (-3 - -6))?
4
3 + (0 - 1) - (27 - 22)
-3
What is the value of (-3 - 11 - -8) + 9?
3
What is -1 + (6 - (1 + 7)) - 1?
-4
-5 - ((-4 - 4) + 3 + 4)
-4
Calculate (3 - (8 - 4)) + -4 + 1.
-4
What is -1 + -1 + -1 + (5 - 4)?
-2
(-3 - -7 - 5) + (-4 - 0)
-5
Calculate 2 + (0 - (-3 + 1)) + -2.
2
What is the value of -8 + (5 - -2 - 4)?
-5
Calculate 6 - (4 + -5 - 1).
8
What is the value of -13 + (4 - (-2 + -4))?
-3
What is -11 + -1 + 5 + 2 - -3?
-2
Evaluate 2 + (-3 - (2 + -1)) + 2.
0
20 + -39 - (-10 + 1)
-10
What is the value of -3 + 2 + 10 + -4 - 4?
1
(-114 - -107) + (7 - -1)
1
Evaluate -12 + (7 - 1 - -6) + -6.
-6
Calculate -5 - (1 - (6 - 2)).
-2
What is (10 - 9 - -3) + -10?
-6
(6 - (0 + (3 - -1))) + 0
2
Evaluate (1 - 2) + 0 + 2.
1
What is (-7 + 8 - -2) + -4?
-1
-2 + 9 + (1 - 5)
3
What is the value of 2 - ((1 - 5) + -4 + 5)?
5
Calculate 5 + -3 + -3 - 4.
-5
What is 6 - (9 + 1) - -4?
0
What is the value of -5 + (-5 - -7) - 0 - 2?
-5
What is the value of -1 - -4 - ((19 - 6) + -12)?
2
Calculate (2 - 1) + (-8 - -2).
-5
Evaluate (-10 - -15) + (3 - (4 + -4)).
8
-6 + 6 - (-1 + 5)
-4
Calculate 8 + -14 - -9 - 0.
3
Evaluate 2 - ((-3 - 0) + 6).
-1
Evaluate 2 + -12 + 2 + 4 + 4.
0
What is (10 + -3 - -2) + -13?
-4
14 - (11 + 0) - (-3 - 0)
6
Calculate 1 - (3 + -7) - 10.
-5
What is the value of -132 + 117 + 8 + -1?
-8
Evaluate 6 + (1 - (10 - (7 + -3))).
1
3 + (4 - 4) - 2
1
Evaluate -2 - (-2 + 0 + 3 + -2).
-1
(-3 - 2 - (-16 + 13)) + 1
-1
-3 - (2 - (2 - 2))
-5
What is 6 - (8 + -1 + 2)?
-3
What is 7 - (20 + -8 + -4)?
-1
Evaluate -48 - -49 - (3 - 4 - 5).
7
What is 3 - (0 - -1) - (1 + 7)?
-6
Calculate 6 + (2 + -17 - -4) + 5.
0
-2 - (-3 + 2) - 2 - -2
-1
What is 0 - (-2 + 4 + 1 + -5)?
2
0 + -3 + 0 - (-1 + 1)
-3
Calculate (3 + 4 + 3 - 3) + -5.
2
(-1 - (6 + 2)) + 4 + -1
-6
-5 + 1 + 7 + -8
-5
Calculate 0 + (-2 - 0) - (-10 + 10).
-2
Evaluate (4 - 1) + -5 - -1.
-1
Evaluate ((2 - -3) + 0 - 3) + 2.
4
Calculate (5 - (10 - 5)) + -2.
-2
-1 + (11 - 14 - (1 - -2))
-7
Evaluate 8 + 8 + -9 + -15 + -3.
-11
-5 + (-7 - (0 + -8 + 4))
-8
Evaluate (-4 - -1 - 1) + (1 - 0).
-3
What is 2 - (4 - (0 + 2 + 1))?
1
Calculate 7 + 1 + -160 + 154.
2
What is the value of -17 + 16 - ((1 - -2) + -1)?
-3
Evaluate (3 - (-5 + 12)) + 1.
-3
(-10 - -5) + (1 - -1) + 1
-2
Calculate -1 - (-4 - -1 - 0).
2
Calculate -1 + (-4 - (-3 - (0 + -1))).
-3
Evaluate (1 - -2) + -5 + 3.
1
What is -1 + 1 - (-5 + 0 - -1)?
4
What is the value of -1 - (-1 - -4 - 0)?
-4
What is (11 - 3) + (-11 - -4 - 3)?
-2
What is -11 + (7 - -1) - 1?
-4
What is the value of 5 + 3 + -14 + 10?
4
Evaluate -2 + 3 + 2 - (7 + -7).
3
Calculate -5 + 14 + -17 + 16.
8
What is 6 + 0 + (-5 - -2)?
3
What is 4 + -2 + -3 + 4?
3
What is -4 + 6 - (15 + -9)?
-4
What is -5 + 0 + 10 + -10 + 6?
1
What is -1 + -1 + -2 + (3 - -4)?
3
Calculate -1 + (4 - 2) + -3 + 4.
2
What is -20 + 12 + 5 + 6 + -6?
-3
-6 - (11 + -2 + -5) - -5
-5
What is the value of 6 - (0 + 2 - 0) - -1?
5
Calculate 0 + -3 + 5 - (-5 + 1).
6
(-1 - 1 - 1) + (0 - 1)
-4
(0 - 0 - -2) + (-24 - -21)
-1
(7 - 12) + 0 + 1 + -1
-5
6 + 2 - (-4 + 9)
3
Calculate -2 + 1 - (-12 - -8).
3
Evaluate -20 - -16 - (1 - 3).
-2
Calculate (-6 - -4 - -4) + -1 - 2.
-1
Calculate -4 + (-4 - (0 + (-10 - 3))).
5
Evaluate 4 - (7 + -3 - -5).
-5
What is (-1 - 1 - -6) + 10 + -10?
4
Calculate (0 - -2) + 0 - (12 - 6).
-4
Calculate 9 + -1 + -20 + 7.
-5
What is 5 - 1 - ((17 - 20) + 7)?
0
Calculate -1 + 0 - -5 - 4.
0
Evaluate 13 - -1 - (7 - (-1 - -2)).
8
What is the value of -2 + (-3 + -1 - -4)?
-2
3 + (4 - (-4 + 6 - -3))
2
What is the value of 5 - (6 + -2 + 2)?
-1
(6 - -5) + -14 + 3
0
What is the value of -1 + -2 + (5 + -3 - -1)?
0
-2 - (1 - -2 - 3)
-2
What is (12 - 12) + -9 + 10 + -4?
-3
What is (104 - 89) + (-